 digit of 80412?
1
What is the hundreds digit of 4404672?
6
What is the hundreds digit of 111271?
2
What is the ten thousands digit of 301669?
0
What is the thousands digit of 146314?
6
What is the tens digit of 302327?
2
What is the thousands digit of 15114422?
4
What is the units digit of 576182?
2
What is the hundred thousands digit of 1616506?
6
What is the thousands digit of 7458660?
8
What is the tens digit of 14100592?
9
What is the units digit of 602686?
6
What is the millions digit of 2962822?
2
What is the thousands digit of 921145?
1
What is the hundreds digit of 13730100?
1
What is the tens digit of 310069?
6
What is the tens digit of 255979?
7
What is the ten thousands digit of 21023309?
2
What is the millions digit of 1259001?
1
What is the millions digit of 3549249?
3
What is the thousands digit of 14414360?
4
What is the ten thousands digit of 187680?
8
What is the tens digit of 13737338?
3
What is the hundreds digit of 341608?
6
What is the ten thousands digit of 241129?
4
What is the thousands digit of 68627?
8
What is the tens digit of 8080549?
4
What is the hundreds digit of 125484?
4
What is the tens digit of 32120221?
2
What is the ten thousands digit of 1647417?
4
What is the ten thousands digit of 18717460?
1
What is the tens digit of 2654582?
8
What is the units digit of 139143?
3
What is the thousands digit of 2931881?
1
What is the hundreds digit of 245467?
4
What is the tens digit of 27619?
1
What is the hundred thousands digit of 515550?
5
What is the thousands digit of 23892300?
2
What is the thousands digit of 23633301?
3
What is the tens digit of 5480404?
0
What is the units digit of 357767?
7
What is the units digit of 608986?
6
What is the tens digit of 2836134?
3
What is the thousands digit of 5424883?
4
What is the hundreds digit of 8718?
7
What is the millions digit of 3638457?
3
What is the hundreds digit of 10658?
6
What is the hundred thousands digit of 1110945?
1
What is the hundred thousands digit of 324584?
3
What is the thousands digit of 176337?
6
What is the thousands digit of 950387?
0
What is the hundreds digit of 144360?
3
What is the hundred thousands digit of 21315435?
3
What is the hundred thousands digit of 120312?
1
What is the ten thousands digit of 147124?
4
What is the hundred thousands digit of 4585323?
5
What is the thousands digit of 1145224?
5
What is the units digit of 1700279?
9
What is the tens digit of 418430?
3
What is the thousands digit of 32494?
2
What is the units digit of 256103?
3
What is the tens digit of 643675?
7
What is the tens digit of 1729814?
1
What is the hundreds digit of 74704?
7
What is the tens digit of 145483?
8
What is the ten thousands digit of 50884?
5
What is the ten thousands digit of 8493146?
9
What is the tens digit of 1454963?
6
What is the tens digit of 2135644?
4
What is the hundred thousands digit of 1432032?
4
What is the ten thousands digit of 795241?
9
What is the hundred thousands digit of 980266?
9
What is the ten thousands digit of 572203?
7
What is the thousands digit of 246346?
6
What is the hundred thousands digit of 4038326?
0
What is the tens digit of 2604007?
0
What is the hundreds digit of 8999882?
8
What is the hundred thousands digit of 14248100?
2
What is the tens digit of 6845619?
1
What is the units digit of 539444?
4
What is the millions digit of 1377124?
1
What is the hundred thousands digit of 286578?
2
What is the thousands digit of 3973104?
3
What is the ten thousands digit of 1093173?
9
What is the tens digit of 515?
1
What is the millions digit of 12234396?
2
What is the tens digit of 2202289?
8
What is the tens digit of 6636494?
9
What is the millions digit of 5344694?
5
What is the tens digit of 623569?
6
What is the hundreds digit of 6232974?
9
What is the hundreds digit of 12539398?
3
What is the tens digit of 601891?
9
What is the hundred thousands digit of 409628?
4
What is the tens digit of 3398827?
2
What is the ten millions digit of 21866525?
2
What is the tens digit of 496237?
3
What is the hundreds digit of 2081339?
3
What is the ten thousands digit of 486147?
8
What is the tens digit of 715419?
1
What is the tens digit of 494506?
0
What is the ten millions digit of 10155801?
1
What is the hundred thousands digit of 348557?
3
What is the hundreds digit of 6906071?
0
What is the units digit of 8271257?
7
What is the thousands digit of 72904?
2
What is the thousands digit of 990977?
0
What is the ten thousands digit of 475990?
7
What is the units digit of 716586?
6
What is the hundred thousands digit of 5503271?
5
What is the units digit of 659740?
0
What is the tens digit of 23285775?
7
What is the millions digit of 29157098?
9
What is the hundred thousands digit of 25201623?
2
What is the units digit of 4492467?
7
What is the ten thousands digit of 2137226?
3
What is the units digit of 14584766?
6
What is the thousands digit of 540448?
0
What is the hundred thousands digit of 3721101?
7
What is the hundreds digit of 2731782?
7
What is the millions digit of 18376154?
8
What is the tens digit of 192997?
9
What is the tens digit of 85410?
1
What is the tens digit of 135948?
4
What is the ten thousands digit of 583815?
8
What is the units digit of 13164925?
5
What is the ten thousands digit of 20895436?
9
What is the ten thousands digit of 502343?
0
What is the tens digit of 37664713?
1
What is the tens digit of 4310784?
8
What is the thousands digit of 4720365?
0
What is the hundred thousands digit of 691202?
6
What is the ten millions digit of 26923398?
2
What is the ten thousands digit of 354714?
5
What is the millions digit of 5253898?
5
What is the ten thousands digit of 2504254?
0
What is the millions digit of 4144305?
4
What is the hundred thousands digit of 453582?
4
What is the hundred thousands digit of 2541221?
5
What is the hundred thousands digit of 3680610?
6
What is the millions digit of 4041878?
4
What is the hundred thousands digit of 220985?
2
What is the tens digit of 484187?
8
What is the hundred thousands digit of 2848897?
8
What is the units digit of 8428155?
5
What is the thousands digit of 635877?
5
What is the tens digit of 1191116?
1
What is the hundreds digit of 4502334?
3
What is the units digit of 11107484?
4
What is the units digit of 2881930?
0
What is the tens digit of 1917969?
6
What is the hundred thousands digit of 35761013?
7
What is the units digit of 51737?
7
What is the ten thousands digit of 328958?
2
What is the hundred thousands digit of 302842?
3
What is the tens digit of 1243276?
7
What is the hundred thousands digit of 505640?
5
What is the thousands digit of 36336149?
6
What is the ten thousands digit of 119770?
1
What is the ten millions digit of 12165930?
1
What is the hundreds digit of 4485130?
1
What is the thousands digit of 17812696?
2
What is the hundred thousands digit of 3600855?
6
What is the ten thousands digit of 9739229?
3
What is the thousands digit of 2317044?
7
What is the thousands digit of 1246178?
6
What is the ten thousands digit of 1225635?
2
What is the ten thousands digit of 2810944?
1
What is the tens digit of 6405893?
9
What is the units digit of 1564521?
1
What is the hundreds digit of 1262456?
4
What is the tens digit of 287392?
9
What is the units digit of 1175985?
5
What is the thousands digit of 4120816?
0
What is the tens digit of 168188?
8
What is the units digit of 223860?
0
What is the ten thousands digit of 4209287?
0
What is the units digit of 747419?
9
What is the tens digit of 3129811?
1
What is the units digit of 676101?
1
What is the tens digit of 40986?
8
What is the hundred thousands digit of 191162?
1
What is the units digit of 2153179?
9
What is the thousands digit of 300642?
0
What is the hundred thousands digit of 580181?
5
What is the hundreds digit of 61863?
8
What is the thousands digit of 587818?
7
What is the units digit of 12558?
8
What is the units digit of 1543585?
5
What is the millions digit of 1642806?
1
What is the ten thousands digit of 248360?
4
What is the millions digit of 1922446?
1
What is the units digit of 2554690?
0
What is the tens digit of 143573?
7
What is the thousands digit of 205983?
5
What is the ten thousands digit of 5067844?
6
What is the units digit of 1892885?
5
What is the units digit of 